s the hundred thousands digit of 55754666?
7
What is the thousands digit of 222296665?
6
What is the tens digit of 209302662?
6
What is the units digit of 15301708?
8
What is the thousands digit of 665479568?
9
What is the thousands digit of 568258480?
8
What is the ten thousands digit of 30267822?
6
What is the tens digit of 5004766890?
9
What is the millions digit of 4155814681?
5
What is the ten thousands digit of 823997496?
9
What is the tens digit of 3611000115?
1
What is the thousands digit of 4697354?
7
What is the thousands digit of 33784950?
4
What is the tens digit of 2291107577?
7
What is the ten millions digit of 6813415653?
1
What is the thousands digit of 98353507?
3
What is the billions digit of 2675168940?
2
What is the units digit of 73375199?
9
What is the ten thousands digit of 1044034647?
3
What is the tens digit of 6955411?
1
What is the millions digit of 187691920?
7
What is the tens digit of 182839584?
8
What is the hundreds digit of 21638613?
6
What is the hundred thousands digit of 271530716?
5
What is the ten millions digit of 542898306?
4
What is the ten millions digit of 278702826?
7
What is the millions digit of 5319766?
5
What is the ten thousands digit of 88084755?
8
What is the ten millions digit of 685932538?
8
What is the billions digit of 2376700102?
2
What is the hundred thousands digit of 262008893?
0
What is the hundred thousands digit of 80036500?
0
What is the units digit of 34266930?
0
What is the hundred millions digit of 397343433?
3
What is the thousands digit of 4108200459?
0
What is the hundred millions digit of 146508805?
1
What is the thousands digit of 66906297?
6
What is the units digit of 477046918?
8
What is the tens digit of 55764061?
6
What is the units digit of 45525511?
1
What is the units digit of 44787447?
7
What is the hundred millions digit of 322750451?
3
What is the millions digit of 319801423?
9
What is the millions digit of 63992656?
3
What is the tens digit of 1325583132?
3
What is the units digit of 26660158?
8
What is the units digit of 52020428?
8
What is the hundreds digit of 1234266357?
3
What is the thousands digit of 102973118?
3
What is the ten millions digit of 46713687?
4
What is the ten millions digit of 1027249845?
2
What is the units digit of 297855211?
1
What is the ten thousands digit of 27351265?
5
What is the tens digit of 5394596?
9
What is the millions digit of 6403929?
6
What is the millions digit of 825763770?
5
What is the hundred thousands digit of 95776245?
7
What is the hundreds digit of 68112649?
6
What is the millions digit of 94789786?
4
What is the millions digit of 2203825346?
3
What is the thousands digit of 83851786?
1
What is the hundred millions digit of 411098908?
4
What is the hundreds digit of 70314325?
3
What is the ten thousands digit of 166180731?
8
What is the hundred millions digit of 631047098?
6
What is the units digit of 42690260?
0
What is the ten millions digit of 38177275?
3
What is the hundred millions digit of 152804537?
1
What is the hundred thousands digit of 2118199182?
1
What is the hundred thousands digit of 1446422568?
4
What is the ten millions digit of 78806051?
7
What is the ten thousands digit of 130802684?
0
What is the units digit of 219049936?
6
What is the ten thousands digit of 637139699?
3
What is the tens digit of 108219450?
5
What is the thousands digit of 94509877?
9
What is the tens digit of 115103755?
5
What is the billions digit of 3128344659?
3
What is the hundreds digit of 3314899647?
6
What is the tens digit of 598854177?
7
What is the ten millions digit of 39238335?
3
What is the hundred thousands digit of 109133515?
1
What is the hundred thousands digit of 287843338?
8
What is the hundred millions digit of 764540435?
7
What is the hundred thousands digit of 773337696?
3
What is the hundreds digit of 77037878?
8
What is the hundreds digit of 861562442?
4
What is the millions digit of 137725409?
7
What is the tens digit of 72841984?
8
What is the ten millions digit of 1575272365?
7
What is the tens digit of 454541920?
2
What is the hundreds digit of 4195434034?
0
What is the ten thousands digit of 946016257?
1
What is the hundred millions digit of 124104287?
1
What is the millions digit of 9008835?
9
What is the tens digit of 106080047?
4
What is the hundreds digit of 13776588?
5
What is the hundreds digit of 45995705?
7
What is the millions digit of 138945304?
8
What is the billions digit of 1874963844?
1
What is the tens digit of 119270609?
0
What is the ten millions digit of 42022230?
4
What is the ten thousands digit of 18517260?
1
What is the millions digit of 2146866419?
6
What is the thousands digit of 34610796?
0
What is the ten thousands digit of 708852070?
5
What is the units digit of 147153745?
5
What is the ten thousands digit of 2249903722?
0
What is the units digit of 212656526?
6
What is the hundred millions digit of 1663300488?
6
What is the hundreds digit of 53770589?
5
What is the tens digit of 1014100599?
9
What is the ten thousands digit of 249833881?
3
What is the hundreds digit of 2049452411?
4
What is the millions digit of 85081923?
5
What is the thousands digit of 368383738?
3
What is the hundred thousands digit of 4234741255?
7
What is the ten thousands digit of 450868334?
6
What is the hundred thousands digit of 23065536?
0
What is the ten thousands digit of 2282419945?
1
What is the ten thousands digit of 3235274805?
7
What is the millions digit of 328740404?
8
What is the millions digit of 260924354?
0
What is the tens digit of 53717354?
5
What is the millions digit of 602070419?
2
What is the hundred thousands digit of 54273598?
2
What is the ten thousands digit of 140293618?
9
What is the tens digit of 1135282472?
7
What is the hundred thousands digit of 1446273599?
2
What is the ten millions digit of 75690034?
7
What is the hundred thousands digit of 1439398786?
3
What is the hundred thousands digit of 569024872?
0
What is the thousands digit of 1583909406?
9
What is the thousands digit of 98849652?
9
What is the ten millions digit of 318605394?
1
What is the hundred thousands digit of 89099184?
0
What is the hundreds digit of 21153720?
7
What is the tens digit of 52220850?
5
What is the ten thousands digit of 23006665?
0
What is the hundreds digit of 40241530?
5
What is the hundreds digit of 28695168?
1
What is the millions digit of 252130778?
2
What is the hundred thousands digit of 52774559?
7
What is the thousands digit of 871819739?
9
What is the hundred thousands digit of 3117643730?
6
What is the tens digit of 2164006437?
3
What is the billions digit of 5254694351?
5
What is the hundreds digit of 1396431034?
0
What is the ten millions digit of 1184237589?
8
What is the thousands digit of 23341751?
1
What is the hundred millions digit of 2374972232?
3
What is the ten thousands digit of 28138777?
3
What is the ten thousands digit of 1085727673?
2
What is the hundred millions digit of 821505875?
8
What is the ten thousands digit of 1428895468?
9
What is the ten thousands digit of 296032917?
3
What is the hundreds digit of 777304748?
7
What is the units digit of 269659666?
6
What is the millions digit of 981620075?
1
What is the hundred thousands digit of 688872078?
8
What is the units digit of 134209691?
1
What is the tens digit of 7599376?
7
What is the tens digit of 733106696?
9
What is the tens digit of 381299284?
8
What is the ten thousands digit of 224963326?
6
What is the ten thousands digit of 87639805?
3
What is the units digit of 354902055?
5
What is the units digit of 210212234?
4
What is the thousands digit of 1477102815?
2
What is the millions digit of 281933852?
1
What is the hundred millions digit of 116074756?
1
What is the millions digit of 122943075?
2
What is the units digit of 557750352?
2
What is the hundred thousands digit of 42052543?
0
What is the tens digit of 23500046?
4
What is the units digit of 1332765509?
9
What is the hundreds digit of 66007071?
0
What is the hundred thousands digit of 648483102?
4
What is the thousands digit of 17285675?
5
What is the hundreds digit of 161761775?
7
What is the millions digit of 47150985?
7
What is the hundred thousands digit of 189249616?
2
What is the units digit of 90161518?
8
What is the hundred thou